 is the hundreds digit of o?
4
Let m be (-2 - -3)/(2/12). Let z be ((-1800)/700)/(2/(-1379)). Suppose -3*v = m*v - z. What is the hundreds digit of v?
1
Let o = 513 + -233. Suppose 0 = -6*u - 2*u + o. Suppose -28*n + u*n = 350. What is the tens digit of n?
5
Suppose 0*o - 3*o + 9 = c, -2*o = -6. Suppose -i - 2*i - 2*y + 91 = 0, i + 5*y - 52 = c. Let g = 76 - i. What is the tens digit of g?
4
Suppose 364*s - 411*s = 611. Let z(y) = 3*y - 8*y - 3*y - 39. What is the tens digit of z(s)?
6
Let i = -23 - -25. Suppose -2*k - 2 = -i*z + 8, -3*z - 5*k - 17 = 0. What is the units digit of 3*-27*z*11/(-11)?
1
Let n be (-356)/(4/6*12/(-24)). Let v = -383 + n. What is the hundreds digit of v?
6
Suppose -51*v = 75*v - 176*v + 1514750. What is the tens digit of v?
9
Suppose -5*o - 327 = -1087. Suppose -o*l - 212 = -153*l. What is the tens digit of l?
1
Suppose -1043 = -4*y - 5*a, -3*y - 5*a = -y - 519. What is the hundreds digit of y?
2
What is the tens digit of 1490160/80*(-3)/(-18)*2?
0
Suppose -16330 = -2*t - 3*l, 146*l - 40825 = -5*t + 147*l. What is the units digit of t?
5
Suppose 0 = 6*w - w + 4*c + 4623, -2*c = 3*w + 2775. Let a = 1606 + w. What is the units digit of a?
9
What is the hundreds digit of (-55638)/(-8) + 87/(-116)?
9
Let j be (-6)/((-6)/4*(-20)/(-15)). What is the tens digit of 1*j - (-45 + -734)?
8
Suppose 6*f - 33883 - 83 = 0. What is the units digit of f?
1
Suppose -2*v = 4*f + 16, -2*f + 3*f = -5. Suppose -v*i + t + 251 = 2*i, i + 2*t = 56. Suppose -32*d = -31*d - i. What is the tens digit of d?
6
Let c = 10695 + -8162. What is the hundreds digit of c?
5
Let h(n) = -765*n - 4221. What is the hundreds digit of h(-31)?
4
Suppose -6*u = -8*u - 30. Let t be ((-729)/(-4) - (-13 - u))*12. What is the units digit of (3 - -1)*t/84?
3
Let p(l) = 81*l**2 + 76*l + 667. What is the thousands digit of p(-10)?
8
Suppose 8*a - 240 = 2*a. Suppose m = -4, 3*m + 2*m = 4*q - a. Suppose 0 = -11*j + q*j + 564. What is the units digit of j?
4
Suppose 0 = -m + 5. Suppose 0 = 3*c - m*c - 72. Let z = 33 - c. What is the tens digit of z?
6
Let j = -47197 + 70999. What is the tens digit of j?
0
Suppose -61*q + 5816 - 17776 = 43*q. Suppose -4*j + 549 = 3*i, 2*j + 0*j = -2*i + 274. Let a = j + q. What is the tens digit of a?
2
Let t(x) = 16*x**2 - 2*x + 2. Let n(u) = 49*u**2 - 5*u + 5. Let q = -26 + 33. Let g(w) = q*t(w) - 2*n(w). What is the tens digit of g(2)?
5
Suppose -5*z - 78898 = -6*g + 38281, -4*z - 4 = 0. What is the units digit of g?
9
Let d be (-1 - -4 - (-40)/(-15))*9. Suppose -2*y - 2*q = -1818, 0 = -19*y + 23*y - d*q - 3671. What is the tens digit of y?
1
Let x be ((-4)/(-2))/2*-3. Let l be 13 - (60/(-6) + 17). What is the tens digit of x + 209 + (l/(-3) - -2)?
0
Suppose -2*c + 5721 = 3*d, 1548 + 349 = d - c. What is the tens digit of d?
0
Suppose 0 = -252*c + 251*c + 4425. Suppose c = 4*g + 2*q + q, -2*q + 2212 = 2*g. What is the thousands digit of g?
1
What is the thousands digit of (90*3374/(-112))/(12/(-32))?
7
Suppose 0 = r + 2*l - 1, 2 = 4*r + 5*l - 8. Let s = r + -2. What is the units digit of -4 + 390/s + -4?
2
Let s(k) = -159*k**3 + 13*k**2 + 91*k - 14. What is the thousands digit of s(-5)?
9
Suppose 1550 - 135 = 5*o. Suppose o + 824 = 9*z. What is the units digit of -1 + z/((-12)/(-4))?
0
Let q(n) = n**2 - 5*n + 9. Let l be q(5). Let w be (122/4)/(l/18). Let r = w + 27. What is the tens digit of r?
8
Let v(a) = -274 - 20*a + 498 + 11*a + 314. What is the units digit of v(0)?
8
Let j(s) = -21*s - 140. Let v be j(-7). What is the hundreds digit of -3 + v + 5 + 431?
4
Let j(c) = -c**3 + 5*c**2 - 4*c - 4. Let s be j(4). What is the hundreds digit of (-162)/s*((-58)/(-6) + -7)?
1
Let t(g) = -g**2 - 6*g + 5. Let j be t(-5). Let u be j*(3*-1 + (-1 - -7)). What is the units digit of (-8)/3*5/(-8)*u?
0
Let y be (0/1)/(-3)*-1. Suppose 0*m + 16*m + 288 = 0. What is the units digit of 9*(-60)/m + -1 + y?
9
Let f be (-6)/(-1) - (3 - 5). Let x(y) be the second derivative of -y**4/12 + 19*y**3/6 - 7*y**2/2 - 12*y - 1. What is the units digit of x(f)?
1
Let m(x) = 2*x**3 - 7*x**2 - 9*x + 27. Suppose -25 = -4*y - t, 5*y + t - 33 = -2*t. What is the tens digit of m(y)?
5
Let f(u) = 49*u**2 - 7*u - 9. Let m(t) = -5 + 0*t + 8 + 2 - 24*t**2 + 4*t. Let d(y) = 3*f(y) + 5*m(y). What is the tens digit of d(-1)?
2
Suppose 95 = 5*w + 5*i, -4 = w - 2*w - 4*i. Suppose -33*z + w*z = -1314. What is the tens digit of z?
4
Suppose 71560 = -12*z + 17*z - 5*i, 2*z = -i + 28603. What is the hundreds digit of z?
3
Suppose 3*k = 2*a - 34, 7*a + 18 = 9*a + k. Suppose -2*s - 3528 = -a*s. Let x = -201 + s. What is the units digit of x?
1
Let m = 11 - 13. Let i be (8/(-6))/(m/3). Suppose 2*q + 0*q + 3*d = 283, 4*q - 606 = i*d. What is the tens digit of q?
4
Let p = 804 - -255. Suppose 5*l + 1162 = 4*w - 281, p = 3*w + 4*l. What is the tens digit of w?
5
Suppose 3*n + 5*g - 2 = 2*n, 4*n + 2*g - 8 = 0. Let s(d) = -d**2 + 3*d - 5. Let m be s(n). What is the units digit of 1*(2 - 213/m)?
3
What is the thousands digit of (936/(-48) + 24)*71796/9?
5
Suppose 0 = 21*c - 169989 - 555561. What is the thousands digit of c?
4
Let b = 32945 + -21264. What is the thousands digit of b?
1
Suppose 0 = m - 5*m + 412. Suppose 91 = 3*v - 5*d, 4*v - 2*d - m = d. Suppose 7 = w - v. What is the units digit of w?
9
What is the tens digit of (((-1884858)/153)/((-2)/(-9)))/(-1)?
3
Let v(y) = 2 + 1 - 9*y + 0. Let h be (-420)/(-30) + 5 + -33. What is the units digit of v(h)?
9
Suppose 4*l = 4*u - 16912, 2*l - 8476 = 9*u - 11*u. What is the units digit of u?
3
Let n = 79 + -33. Let j = n - 46. Let s(p) = p**3 - 2*p**2 + 2*p + 162. What is the tens digit of s(j)?
6
Suppose -5*u = -2*h - 43292, -114*u + h + 43291 = -109*u. What is the thousands digit of u?
8
Let m be -4*((-75)/10)/3. Let j = -3 - -5. Suppose 3*h + j*h - m = 0, -3*h = 4*y - 178. What is the tens digit of y?
4
Let n(m) be the first derivative of 5*m**2 - 2*m + 21. What is the units digit of n(19)?
8
Let o(u) = -6*u - 16. Let r(z) = -2*z - 6. Let q(h) = -3*o(h) + 8*r(h). Let b(s) = -54*s - 30. Let p(d) = -b(d) + 4*q(d). What is the tens digit of p(3)?
1
Let y(b) = 4*b**2 - 16*b + 23. Let q be y(11). Let a = q + -21. Suppose 11*f - a = 6*f. What is the tens digit of f?
6
Let r be (13 - 9)/(2*1) + 196. Suppose -2*c - 104 = -3*k - 421, 0 = 2*k + 2*c + r. Let t = k + 205. What is the units digit of t?
2
Let w(u) = -u**3 - 23*u**2 - 45*u - 19. Let r be w(-21). Let g = 133 - r. Suppose -4*o = 4*i - 760, -o - 4*i + g + 104 = 0. What is the hundreds digit of o?
1
Let u(a) = 183*a + 6199. What is the hundreds digit of u(-4)?
4
Let x(q) = 427*q**2 + 56*q + 6. What is the thousands digit of x(2)?
1
Let j(q) = q**3 + 87*q**2 - 64*q - 2314. What is the thousands digit of j(-73)?
6
What is the units digit of 4163/(-2)*-2 - (-10 + 14 + -9)?
8
Let i = 17 - -32. Suppose 55 - i = 2*g. Suppose l + 5*s = -g*l + 779, s - 397 = -2*l. What is the units digit of l?
1
What is the tens digit of 41308200/1944 + (-6)/81?
4
Suppose 4*q + 2*d = 70024, -d + 20204 = 4*q - 49822. What is the units digit of q?
7
Suppose -3*l + 31529 = -5*j - 23394, 2*j = -2*l + 36578. What is the ten thousands digit of l?
1
Let b = -1306 + 2177. Suppose b = 11*m - 8*m + 2*p, -5*m + 1445 = 2*p. What is the units digit of m?
7
Let m(f) = 338*f + 339. What is the hundreds digit of m(23)?
1
Let w be 10/(4 + -6) - -1189. Suppose -12*y - w = -20*y. Let i = -44 + y. What is the hundreds digit of i?
1
Let r(o) = 942*o**2 - 25*o + 25. What is the hundreds digit of r(4)?
9
Let v be 1 + 3/(1 - 2). Suppose -4*b - 13*b = 4*b - 168. What is the units digit of v/b - (6105/(-12))/11?
6
Let g = 78450 + -49663. What is the units digit of g?
7
Let o(x) = x**2 + 5*x + 3. Let k be o(-5). Let z(d) = -249*d + 19. Let n be z(k). What is the tens digit of (n/70)/(4/(-30))?
7
Let k = 104 - 52. Suppose l + k + 23 = 0. Let p = l + 77. What is the units digit of p?
2
Let d = -12 + 4269. What is the hundreds digit of d?
2
Let c(s) = s**3 - 15*s**2 + s + 7640. What is the thousands digit of c(0)?
7
Let r be (-8 + (-2 - 2))*-1. Suppose 4*i - 3*c + 17 = 0, r = -4*i + i + 2*c. What is the units digit of i/(-4) + (-1116)/(-24)?
7
Let w(g) be the third derivative of 29*g**4/24 + 4*g**3 + g**2. Suppose 731 = 5*x + 716. What is 